rmine w(-11).
-32
Let i(a) = -a**2 + 11*a - 9. What is i(13)?
-35
Let o(a) = -4*a**2 - 9*a - 6. Calculate o(-3).
-15
Let h(b) = 3*b**3 - b**2 + 2. Determine h(-2).
-26
Let k(f) = f**3 - 31*f**2 + 26*f + 37. What is k(30)?
-83
Let s(o) = o**2 + 9*o + 44. Calculate s(-9).
44
Let k(s) = 5*s - 1. Calculate k(6).
29
Let r(z) = z + 6. What is r(-10)?
-4
Let h(m) = 5*m**2 - 21*m. Give h(5).
20
Let m(z) = -5*z**2 + 2*z + 1. What is m(-1)?
-6
Let k(y) = 49*y + 1. What is k(-3)?
-146
Let p(y) = -50*y + 65. Determine p(5).
-185
Let f(x) = -5*x**2 - 2*x. Give f(1).
-7
Let m(k) = 6*k**2 + 1. What is m(1)?
7
Let n(c) = -c**3 + 7*c**2 + 14*c - 49. Determine n(8).
-1
Let h(c) = -c**2 + 106*c - 306. What is h(3)?
3
Let o(m) = -m**3 + 11*m**2 + 12*m + 5. Calculate o(12).
5
Let u(t) = -t**3 - 3*t**2 + t + 2. Calculate u(-4).
14
Let r(v) = -v**3 + 31*v**2 - 58*v - 5. Give r(29).
-5
Let b(r) = r**3 + 3*r**2 - 3*r - 1. Determine b(-3).
8
Let v(t) = -t + 10. Calculate v(7).
3
Let f(r) = -r**2 + 10*r - 5. Determine f(10).
-5
Let p(b) = b**2 - 7*b + 1. What is p(5)?
-9
Let f(w) = 2*w**2 + 8*w - 6. Determine f(-3).
-12
Let k(x) = 2*x**3 + 29*x**2 - 13*x + 28. What is k(-15)?
-2
Let t(b) = b**2 + 12*b - 116. Determine t(-18).
-8
Let q(c) = -c**3 + 7*c**2 + 12*c - 26. Give q(8).
6
Let p(b) = b**2 - b - 21. Determine p(0).
-21
Let k(z) = -4*z**2 - 37*z - 1. Determine k(-10).
-31
Let r(a) = a**2 + 20*a - 14. Calculate r(-20).
-14
Let l(v) = -v**3 + 13*v**2 - 5*v + 51. What is l(13)?
-14
Let m(f) = -f**3 + 17*f**2 - 20*f + 66. Give m(16).
2
Let m(y) = -10*y - 85. What is m(-9)?
5
Let p(l) = l**3 + 5*l**2 - 6*l + 5. Give p(-6).
5
Let k(p) = -p + 13. Give k(6).
7
Let p(r) = -r**2 + 68*r - 119. Calculate p(66).
13
Let p(m) = 32*m**2 - 1. Give p(-1).
31
Let d(w) = -w**3 - 52*w**2 - 50*w + 47. What is d(-51)?
-4
Let j(r) = 9*r**2 + r + 2. Determine j(-1).
10
Let y(q) = -q**2 - 4*q. Calculate y(-5).
-5
Let y(q) = q**3 - 45*q**2 - 95*q + 44. Calculate y(47).
-3
Let j(p) = p + 9. What is j(6)?
15
Let g(x) = x + 7. Determine g(-4).
3
Let s(n) = n**3 + 8*n**2 + 7*n + 6. Calculate s(-7).
6
Let v(j) = -j**2 - 7*j - 2. What is v(-5)?
8
Let c(u) = -u**3 - 4*u**2 - 2*u + 6. What is c(-3)?
3
Let t(v) = -10*v + 376. Give t(38).
-4
Let v(f) = -f**3 + 9*f**2 + 4*f - 4. What is v(-1)?
2
Let g(d) = 52*d**3 + 2*d**2 - 2*d + 1. Calculate g(1).
53
Let n(o) = o**3 - 10*o**2 + 6*o + 11. Calculate n(9).
-16
Let r(c) = c**3 + 9*c**2 + c - 10. Give r(-7).
81
Let u(x) = x**3 - 2*x**2 - x + 8. Determine u(0).
8
Let r(a) = a**2 - 5*a + 1. Give r(4).
-3
Let a(h) = 4*h + 27. Give a(5).
47
Let a(m) = m + 1. Determine a(-15).
-14
Let o(k) = -29*k**2 + 2*k - 1. Give o(1).
-28
Let y(t) = t**2 - 13*t + 35. Calculate y(4).
-1
Let v(w) = w - 7. Calculate v(4).
-3
Let y(t) = -113*t + 557. What is y(5)?
-8
Let v(f) = -f**3 + f**2 - 2*f. Determine v(2).
-8
Let l(t) = -t**3 + 5*t**2 - 8*t + 48. Calculate l(5).
8
Let q(j) = j**3 + 3*j**2 - 21*j + 14. Give q(3).
5
Let w(p) = -p**2 - 4*p - 1. Determine w(-6).
-13
Let h(t) = t**3 - 10*t**2 + 14*t + 19. Calculate h(8).
3
Let f(s) = s**3 - 4*s**2 - 22*s + 9. Determine f(7).
2
Let k(c) = 2*c**2 + 11*c - 21. Calculate k(-10).
69
Let k(p) = -p**3 + 16*p**2 - 14*p - 15. What is k(15)?
0
Let d(x) = -6*x**2 + 23*x + 28. Give d(5).
-7
Let j(g) = 14*g - 12. What is j(8)?
100
Let c(f) = -7*f - 35. Determine c(-6).
7
Let f(n) = -2*n**2 + 31*n - 65. Calculate f(13).
0
Let o(x) = -4*x + 87. Calculate o(23).
-5
Let j(o) = 19*o - 129. Determine j(7).
4
Let x(i) = -7*i**3 - 2*i**2 - 3*i - 2. Determine x(-1).
6
Let t(h) = 53*h + 2. Determine t(1).
55
Let g(i) = 6*i - 42. Determine g(7).
0
Let p(b) = -5*b + 5. Determine p(2).
-5
Let m(s) = s**2 + 21*s + 6. Determine m(-10).
-104
Let f(g) = -2*g**2 - 1. Determine f(2).
-9
Let m(r) = -11*r**2 + 9*r + 10. Calculate m(-1).
-10
Let x(a) = a**3 - 6*a**2 + 5*a + 1. Determine x(5).
1
Let q(j) = j**2 - 14*j + 15. Give q(14).
15
Let y(u) = 8*u**3 + 2*u**2 + 3*u + 2. What is y(-1)?
-7
Let u(y) = y**3 + 9*y**2 + 7*y + 12. Calculate u(-8).
20
Let d(n) = -4*n**3 - n**2 - 2*n - 1. Calculate d(-1).
4
Let c(y) = 5*y**2 - 69*y - 4. Determine c(14).
10
Let a(u) = 4*u**2 + u + 1. Determine a(2).
19
Let q(f) = -f**3 + 3*f**2 + 2*f - 4. Calculate q(4).
-12
Let r(u) = u**3 + 24*u**2 + 13*u + 301. Give r(-24).
-11
Let c(s) = -s**2 + 8*s + 15. Calculate c(13).
-50
Let l(s) = s**3 + 27*s**2 - 124*s + 19. Calculate l(-31).
19
Let y(k) = 2*k + 3. Calculate y(3).
9
Let f(g) = -11*g - 95. Give f(-8).
-7
Let u(p) = -p. Calculate u(-5).
5
Let r(u) = 10*u - 173. Give r(18).
7
Let a(l) = -3*l + 25. What is a(-12)?
61
Let c(l) = -l**2 + 11*l + 29. Determine c(13).
3
Let n(t) = -3*t - 26. Calculate n(-5).
-11
Let p(x) = x**3 + 11*x**2 - 10*x + 12. Determine p(-12).
-12
Let d(w) = -4*w + 18. Give d(7).
-10
Let f(g) = -3*g - 57. What is f(-25)?
18
Let q(k) = 2*k**2 - 12*k + 4. Determine q(5).
-6
Let h(a) = 6*a - 11. Determine h(4).
13
Let d(t) = -4*t**2 + 5*t - 6. Calculate d(3).
-27
Let v(h) = h + 9. Calculate v(-5).
4
Let k(b) = 12*b + 13. What is k(-2)?
-11
Let z(y) = -y**3 + 5*y - 1. Give z(4).
-45
Let t(r) = 16*r - 96. Calculate t(12).
96
Let j(h) = -4*h - 8. Give j(-11).
36
Let u(g) = -g**3 + 12*g**2 - 11*g - 3. What is u(11)?
-3
Let d(h) = -h**3 - 4*h**2 + 3*h - 7. Calculate d(-5).
3
Let u(l) = 5*l - 34. What is u(6)?
-4
Let d(i) = -15*i + 18. Calculate d(-6).
108
Let f(o) = o**2 + 6*o + 11. What is f(-4)?
3
Let x(q) = q + 2. Give x(10).
12
Let b(n) = 10*n**2 - 3*n + 1. Calculate b(1).
8
Let j(r) = -r**3 - 5*r**2 + 11*r - 13. Determine j(-8).
91
Let v(s) = -s**3 + 9*s**2 + 28. Give v(10).
-72
Let i(h) = -25*h - 148. Determine i(-6).
2
Let w(b) = -b**2 + 18*b - 23. What is w(17)?
-6
Let r(l) = l**2 + 8*l + 7. Give r(-8).
7
Let i(c) = 2*c**2 - 8*c + 9. What is i(2)?
1
Let a(u) = 129*u + 255. Give a(-2).
-3
Let g(p) = p**3 + 15*p**2 - 17*p - 10. Calculate g(-16).
6
Let g(d) = -d**3 - d - 29. Determine g(0).
-29
Let d(p) = -p**2 + 8*p + 26. Determine d(13).
-39
Let k(l) = -5*l - 2. Determine k(4).
-22
Let y(x) = -x**2 - 7. Calculate y(5).
-32
Let p(f) = -33*f + 20. Determine p(4).
-112
Let s(r) = r**3 + 8*r**2 + 7*r + 6. Determine s(-7).
6
Let p(t) = t**2 - 22*t + 28. Calculate p(12).
-92
Let b(k) = -k**3 - 8*k**2 + 7*k - 19. Determine b(-8).
-75
Let h(s) = -2*s**3 - 14*s**2 + 24*s + 166. Determine h(-7).
-2
Let p(z) = 12*z - 97. Give p(8).
-1
Let t(a) = -a**2 + a + 7. What is t(-6)?
-35
Let n(z) = 11*z - 9. Calculate n(2).
13
Let n(z) = -44*z - 347. What is n(-8)?
5
Let k(c) = -c**2 - 36*c - 117. Calculate k(-3).
-18
Let p(l) = 8*l**2 + 10*l + 3. Calculate p(-4).
91
Let h(y) = y**2 - 15*y + 13. Calculate h(15).
13
Let r(z) = z**2 - 15*z - 6. Determine r(13).
-32
Let s(q) = 3*q**3 - 8*q**2 - 4*q - 2. Determine s(4).
46
Let x(s) = 13*s - 33. Calculate x(2).
-7
Let s(p) = p**3 + 26*p**2 + 72*p + 68. Give s(-23).
-1
Let d(w) = -2*w**2 + 21*w - 19. What is d(9)?
8
Let q(m) = -m**3 + 21*m**2 - 104*m - 8. Give q(7).
-50
Let l(s) = -2*s**2 + 17*s - 21. Calculate l(7).
0
Let q(z) = -2*z**2 + 12*z + 8. Calculate q(7).
-6
Let y(a) = 3*a - 47. Determine y(13).
-8
Let h(d) = -d**2 + 7*d + 6. Give h(5).
16
Let f(r) = -r + 7. Calculate f(13).
-6
Let t(s) = -s**3 + 6*s**2 + 42*s - 9. Give t(10).
11
Let h(n) = -n + 3. Give h(-4).
7
Let o(i) = -91*i**3 - 2*i**2 - 3*i - 2. What is o(-1)?
90
Let v(k) = 2*k**2 - 4*k. Determine v(5).
30
Let i(l) = 35*l + 36. What is i(-1)?
1
Let p(k) = -2*k**3 - 17*k**2 + 4*k + 4. Give p(-7).
-171
Let g(o) = o**2 + 8*o + 7. Calculate g(-4).
-9
Let v(t) = t**3 + 7*t**2 - 15*t + 37. Give v(-9).
10
Let w(k) = -k**2 - 7*k - 17. Calculate w(-6).
-11
Let n(j) = -6*j**2 + 4*j + 5. Determine n(-1).
-5
Let t(f) = f**3 - 3*f**2 + 17*f - 57. What is t(3)?
-6
Let k(u) = 4*u - 21. Determine k(1).
-17
Let s(c) = -c + 5. Determine s(2).
3
Let z(x) = -10*x**2 + x + 13. Calculate z(4).
-143
Let z(n) = 4*n**2 + 16*n - 4. Determine z(-5).
16
Let h(y) = -18*y - 7. Give h(-1).
11
Let w(m) = 3*m + 4. Give w(-4).
-8
Let h(s) = s**2 - 28*s - 2. Calculate h(0).
-2
Let s(c) = 2*c**2 + 9*c + 10. What is s(-5)?
15
Let g(x) = -x**3 - 20*x**2 + 22*x + 48. Calculate g(-21).
27
Let n(s) = s**3 - 4*s**2 - 13*s + 8. Give n(6).
2
Let a(i) = 2*i**3 + 11*i**2 - 21*i + 6. Determine a(-7).
6
Let